1
Suppose -u - 2*h = -10, 4*u + 34*h + 4 = 37*h. What are the prime factors of (63/u)/7*(9 + 241)?
3, 5
Suppose -8 = -3*j - j, 3*u - 3*j - 1413 = 0. Suppose 5855 - u = 18*b. List the prime factors of b.
13, 23
Let j(q) = 3*q + 36. Let y be j(15). Let n = -66 + y. What are the prime factors of n?
3, 5
Suppose o + 68*c = 73*c + 15778, 0 = o - 7*c - 15766. List the prime factors of o.
2, 13, 19
Let z(w) = 527*w**2 + 78*w - 7. What are the prime factors of z(6)?
19433
Let p(z) = -z**2 + 5*z - 1. Let d be p(4). Suppose d*s + q = 5*s - 2128, -5*s = -5*q - 5330. What are the prime factors of s?
2, 3, 59
Let r(m) = m**2 + 3*m - 4. Let j be r(-4). Suppose j = -2*u - 45 - 35. Let x = u + 73. List the prime factors of x.
3, 11
Let g(a) = -10 - a**3 + 0*a**2 + 11 + 87*a - 92*a - 3*a**2. Let l be 3*(-1 - 0/(-2)). List the prime factors of g(l).
2
Let j(b) = -13*b - 10. Let f(y) = -24*y - 21. Let t(s) = 2*f(s) - 5*j(s). List the prime factors of t(17).
3, 11
Suppose -4*h + 2 = 10. Let u be 1520/(-32) + (-1)/h. List the prime factors of (2 - u*4/(-8))*-2.
43
Let c be (-5 + -2 + 5)*7/2. Let y(g) = -g**3 - 2*g**2 - 16*g - 9. Let h be y(c). Suppose -7*w + h + 359 = 0. List the prime factors of w.
101
Let w be ((-28)/6)/((-34)/(-153)). Let d(u) = -u**3 - 20*u**2 + 18*u + 3. Let s be d(w). Suppose 4*i - 94 = s. List the prime factors of i.
2, 5
Let m be 42/(-4)*((-168)/(-9))/(-14). Suppose 4*i - m*i + 16080 = 0. List the prime factors of i.
2, 3, 67
What are the prime factors of 10 + (-1680)/165 - (-2)/((-66)/(-1421349))?
3, 7, 293
Suppose -35*x + 11*x = -21216. Suppose -x = -7*w + 971. List the prime factors of w.
5, 53
Let f be ((-98)/8)/(6/(-192)). Suppose -4*i = 10*i + f. List the prime factors of (3 - 780/i) + (-2)/(-14).
31
Suppose -2*m - 4 + 30 = 0. Let i = m + -17. What are the prime factors of -4 + (-476)/i + 1?
2, 29
Let h(k) = k**2 + 19*k + 3. Let w be h(-17). Let z = w - -139. What are the prime factors of z/(-3)*1/(-2)?
2, 3
Suppose 4*i = -3*n + 444, n = 5*i + 6*n - 560. Suppose 3*c + 78 = i. What are the prime factors of c/2 - (0 + -3)?
2
Let d = 203 + -201. List the prime factors of -5*(596/(-8) + 3/d).
5, 73
Let q(l) = 20541*l - 16. Let o be q(-1). What are the prime factors of o/(-21) + 0 - 520/(-5460)?
11, 89
List the prime factors of ((-11)/8*-2)/(1409/10736580).
3, 5, 11, 127
List the prime factors of 3/(16/(-48448)*-3).
2, 757
Suppose -h + 2*l - 5945 + 19243 = 0, -5*h = 7*l - 66541. What are the prime factors of h?
2, 1663
Let b = -9 + -33. Let i = -74 - b. Let d = 83 + i. What are the prime factors of d?
3, 17
Let s(o) = 1906*o - 2174. What are the prime factors of s(5)?
2, 3, 613
Let t be (-4 - -3)/(12/60). List the prime factors of (t - 4/(-1)) + 437.
2, 109
Suppose 13353*i - 13338*i = 331680. List the prime factors of i.
2, 691
Let c(o) = o**3 + 29*o**2 - 23*o - 23. What are the prime factors of c(-17)?
2, 7, 137
Let z = -23 - -26. Suppose -103 = z*l - 898. List the prime factors of l.
5, 53
Let x(q) = q**3 - 7*q**2 + 12*q - 7. Let s be x(5). Let f(m) = 267*m - s + 4 - 270*m. What are the prime factors of f(-7)?
2, 11
Suppose 32*n = -176522 + 371545 + 267185. What are the prime factors of n?
2, 23, 157
Suppose -170102 = -15*a + 6538. List the prime factors of (-6)/(-2)*a/96.
2, 23
Let m(c) = c + 17 + 6*c - c**2 + 5*c + 0*c. Let i be m(13). What are the prime factors of ((-44)/(-16))/(1/i)?
11
Suppose -2*s = s + 246. Suppose 0 = 7*h - 3*h + 300. Let f = h - s. What are the prime factors of f?
7
Suppose -3*d + 39 = -u - 10, -2*u = -d + 13. Let b be 18817/d + (-8)/(-68). Suppose 0 = 8*o + o - b. What are the prime factors of o?
3, 41
Let y = -25 - -74. Suppose -4*q = -y + 17. Suppose 0 = -q*d - 117 + 605. What are the prime factors of d?
61
List the prime factors of 10*-55*(-25 + -2 + 7).
2, 5, 11
Let z = 1091 + -451. Let d = z - 439. What are the prime factors of d?
3, 67
Let p(q) = 22*q**3 - q**2 - 4*q - 10. Let o(i) = 89*i**3 - 3*i**2 - 15*i - 40. Let z(v) = 2*o(v) - 9*p(v). List the prime factors of z(-3).
13, 43
Let m = 1748 - -112. What are the prime factors of m?
2, 3, 5, 31
Let x(u) = 8*u + 116. Let y be x(25). Let p = -82 + y. List the prime factors of p.
2, 3, 13
Let d(f) = -873*f - 304. What are the prime factors of d(-2)?
2, 7, 103
Let l be (-9)/(-3) - (-1591 + -2 - 0). Let q be (3/3 + l/20)*10. Suppose -4*d - g + 443 = 0, g + q = 5*d + 243. List the prime factors of d.
2, 7
Suppose 0 = -2*p - 8, -3*m - 2*p + 310 = -0*p. Suppose 100 - m = -b. Suppose 3*q - b*q + 2*v + 422 = 0, 0 = q - 5*v - 145. List the prime factors of q.
2, 5, 7
Let o(g) = -51*g**2 - 3613*g + 88. What are the prime factors of o(-56)?
2, 3, 5, 59
List the prime factors of (0 + ((-25530)/4)/3)*(-89352)/6570.
2, 17, 23, 37
Let r be 63/6*(-2)/3. Let c(i) = -46*i + 5. Let g(n) = -93*n + 11. Let j(a) = r*c(a) + 3*g(a). List the prime factors of j(3).
127
Let s(r) = -2*r**3 + 126*r**2 + 42*r + 5. List the prime factors of s(50).
5, 13421
Suppose -a = -34 - 69. Suppose 102*d = a*d - 154. List the prime factors of d.
2, 7, 11
Let w(l) = 7*l**2 + 9*l + 4. Let z(j) = j**3 - 19*j**2 - 25*j + 105. Let a be z(20). What are the prime factors of w(a)?
2, 7
Suppose 5*c + 0*c = 2*c. Suppose 8*l = -c*l - 592. Let w = l - -148. What are the prime factors of w?
2, 37
Let y(z) = -88*z**3 - 4*z**2 - 2*z + 2. Let r be y(-1). Suppose -2*f + 3 = 1. List the prime factors of (f/4*159)/(33/r).
2, 53
Suppose -3*q + 4*m - 1 = 0, 2*q + 4*m = 4*q + 2. Suppose -2*u + q - 9 = 0, -2*t + u + 52 = 0. Suppose -30 - t = -r. List the prime factors of r.
2, 3
Let y(x) = -x**3 - 13*x**2 - 12*x - 25. Let r be y(-12). Let s = 27 + r. Suppose l - 60 = d, s*l + 3*d - 108 = -d. What are the prime factors of l?
2, 29
Let g(b) = -10*b + 25. Suppose 4*y - 69 = 3*l, 2*y - 101 = -5*l + 10*l. What are the prime factors of g(l)?
5, 43
Let j(v) = v**2. Suppose 0 = -y + 4*w + 10, -3*y + 2*y = w + 5. Let n be j(y). Suppose 4*x = -4*t - 4, 0*x - t = n*x - 8. What are the prime factors of x?
3
Let v be 16*(3/(-2) - -2). Suppose 0 = -5*i + 134 + 286. Suppose -i = -v*d + 292. List the prime factors of d.
47
Let p be (-2)/7 - ((-21813)/77 + -2). Suppose -10*y + p + 695 = 0. What are the prime factors of y?
2, 7
Let l = 14318 + 22949. What are the prime factors of l?
83, 449
Let u(a) be the third derivative of 5*a**4/3 + a**3/3 - 2*a**2 - 23. List the prime factors of u(24).
2, 13, 37
List the prime factors of (-109115)/(-8) + 54/(-1440)*10.
23, 593
Suppose 2*b + 2210 - 72564 = 5*y, 3*b + 4*y = 105577. List the prime factors of b.
3, 37, 317
Suppose 0 = -2*d + 5*d + 5*c + 19, d - 12 = 2*c. Let i be (-4)/(-10) - 12/30. Suppose i = 4*v - d*s, 3*v = -5*s - 7 + 33. List the prime factors of v.
2
Let g = 259 - 255. What are the prime factors of 3 + 408/g*(-82)/(-6)?
11, 127
Let d(x) = 2232*x**2 - x - 1. Let c be d(-1). Suppose 0 = 6*g - 15*g + c. List the prime factors of g.
2, 31
Let i(l) = -18 + 8*l**2 + 2*l**3 - l**3 - 7*l + 29 - 4*l. Let d be i(-9). Let w = d - 25. What are the prime factors of w?
2
Suppose -8*w - 406201 - 2401214 = -73*w. What are the prime factors of w?
3, 4799
Let z(b) = b**2 + b - 7. Let n be z(6). Suppose -n*x + 13*x + 5214 = 0. List the prime factors of x.
3, 79
Suppose 71*h + 23856 = 73*h + 4*m, -4*m - 47700 = -4*h. What are the prime factors of h?
2, 67, 89
Let x(b) = b**3 - 16*b**2 - 17*b + 2. Let u be x(17). Suppose -u*v = -0*v - 2*j - 508, -v + 244 = 4*j. List the prime factors of v.
2, 3, 7
Let h be (-26)/(-8) + (-39)/(-52). What are the prime factors of 6 + -10 + -1*(h + -189)?
181
Let u = 15 - 5. Suppose u = 10*s - 10. Suppose 0 = x + s*y - 69, x = -2*x + y + 214. What are the prime factors of x?
71
Suppose -2*s = -3*r + 301 + 621, -3*s + 632 = 2*r. What are the prime factors of r?
2, 5, 31
Suppose 30*m = -36*m + 431036 + 307042. What are the prime factors of m?
53, 211
Let s = 19873 + -9449. List the prime factors of s.
2, 1303
List the prime factors of ((-48638)/(-879))/((-4)/(-1266)).
83, 211
Let m(r) = 1794*r**2 + 55*r + 91. List the prime factors of m(-2).
17, 421
Let v be 1 + (2 - 5) - -17. What are the prime factors of (-914)/(-5)*v/6?
457
Let t = -108 - -122. Let z(c) = 23*c. List the prime factors of z(t).
2, 7, 23
Suppose -12333 = -k - 4*i, -8010 = -k - 3*i + 4327. What are the